se
Suppose 10*p + 33240 = 13*p. Suppose -4159 - p = -7*g. Is g prime?
False
Let j(f) = -5*f**3 + 42*f**2 + 436*f - 108. Is j(-37) composite?
False
Suppose i = c + 3*c + 13, 5*c + 15 = i. Suppose -2*n + i*g + 1473 = -1346, 0 = -3*n - 3*g + 4176. Is n a composite number?
True
Let g(a) = 10*a**2 + 49*a + 609. Is g(-44) a prime number?
False
Suppose l + 3 = 2*m + 2*m, 0 = 5*m + l - 15. Let u(t) = 17 + 17 + 250*t - 31. Is u(m) prime?
True
Let d(a) = a**3 - 4*a**2 - 9*a + 8. Let r be d(5). Let l(k) = -44*k - 47. Is l(r) a prime number?
False
Suppose 136*o + 44*o - 35*o - 19721885 = 0. Is o prime?
True
Let v be 1*(7 + 9278 - -5). Is -14 + 13 - (2 - v) prime?
False
Let l(n) = n**2 + 5*n + 6. Let o be l(-5). Suppose -o = 5*r - 11. Is (1416/20 + (-2)/(-10))*r a prime number?
True
Let k(y) = -356*y**3 + y**2 - 2*y + 2. Let g be k(-3). Suppose 6*c - 8449 - g = 0. Is c prime?
False
Let v be ((-320)/(-50))/((-4)/(-50)). Suppose -82*b = -v*b - 30. Is 0*4/(-8) + b a prime number?
False
Let w = 441 - 444. Is 100/30 + -4 + (-3959)/w a composite number?
False
Let c = -154 + 154. Suppose -3*p + 0*p - 7 = 2*q, 3*p + 5*q = -22. Is (((-894)/1)/p)/(c - 2) composite?
True
Suppose -5*o = -2*z + 860, 3*z + 0*z = 4*o + 688. Let d be -8 + 4812/6 - 9. Let h = d + o. Is h prime?
True
Let c = -134 + 134. Let l be 3/((-5)/(-5)) + c. Suppose m + 0*m - 1159 = -2*o, -3*m - l*o + 3465 = 0. Is m a composite number?
False
Suppose -16 + 6 = -2*d. Suppose d*c = 2*x - 111, 3*x = 4*c + 16 + 147. Suppose 5*t - 6*t = -x. Is t a prime number?
True
Suppose 2*w = 2*l - 5*l + 807607, 0 = 3*l - 3*w - 807567. Is l a prime number?
False
Let k(w) = 36713*w + 1866. Is k(5) composite?
True
Let c(f) be the third derivative of f**5/60 + 5*f**4/24 - 5*f**3/2 - 101*f**2. Let q be (-4 - 0)*-1*1. Is c(q) a prime number?
False
Let u be 284/(-14)*749/(-214). Suppose -4*v + 0*v = 240. Let s = u - v. Is s prime?
True
Let a = 596 - 599. Is (-1112)/a*(10 - 4) + 3 prime?
False
Suppose 446630 = 25*c + 50951 - 4040246. Is c a prime number?
False
Let h = 376661 + -79344. Is h composite?
False
Suppose -29*w + 36*w - 743296 - 415449 = 0. Is w composite?
True
Let z be ((-70)/(-25))/((-2)/(-40835)). Suppose -28*p + 15379 = -z. Is p prime?
True
Suppose 0 = -108*x + 98*x + 626860. Suppose 45*v - 44*v + 5*c = 12524, 5*v + 3*c - x = 0. Is v prime?
True
Let d(b) be the second derivative of 13*b**4/4 + 4*b**3/3 + 5*b**2/2 + b + 63. Is d(-6) a prime number?
True
Let h = -1174 + -1327. Let t(q) = -169*q**3 - 6*q + 14. Let n be t(2). Let w = n - h. Is w prime?
True
Is (1 - 0)/((2/442479)/((-16)/(-24))) composite?
True
Is (899/116)/(-1*2/(-16312)) a prime number?
False
Let o = 148 + -56. Let p be 4/12 + o/(-6). Is (-4359)/p - 4/(-10) prime?
False
Is 4572010/34 - (442/(-289))/13 a prime number?
True
Let w(k) = 9271*k**2 - 10*k - 25. Let l be w(-2). Suppose 58*o = 51*o + l. Is o composite?
False
Suppose 0 = -2*a + k - 276 + 95, -5*a - 453 = -2*k. Let w = 94 + a. Suppose 2*y - 9805 = -w*y + 4*j, 5*y = -5*j + 9760. Is y a composite number?
True
Let a(r) = -11 + 37*r**2 - 59*r**2 - 13 + 0 + 6*r**3 - 2*r - 1. Is a(15) prime?
False
Let g(q) = -10*q**2 + 54*q + 81. Let a(d) = 7*d**2 - 36*d - 54. Let k = -32 - -25. Let h(y) = k*a(y) - 5*g(y). Is h(20) composite?
False
Is 2/(((-252)/(-2202246))/7) a prime number?
True
Let k(f) = 124*f**2 + f + 1. Let u be (81/15 - 1) + 4/(-10). Suppose -u - 2 = -3*r. Is k(r) a prime number?
True
Suppose -3*i + 66 = -66. Let s = i - 24. Suppose -s*q + 18*q = -1532. Is q composite?
True
Is 6/(-6)*((-294110190)/220 - 7/(-2)) composite?
False
Let l be (1/(-3))/(3/(-27)*1). Suppose l*o + 387 = 2*o. Let u = 1288 + o. Is u prime?
False
Suppose f + n - 241 = -52, -563 = -3*f - 5*n. Suppose f = 3*g - 256. Is g composite?
False
Let b = -32067 + 57590. Is b prime?
True
Let q be 10*(1 + 12/(-6)). Let s(b) = -245*b - 37. Is s(q) composite?
True
Suppose -12*k - 2*k - 1540 = 0. Let q = 115 + k. Suppose r = q*t - 3360, -2*t - r = 2*r - 1361. Is t composite?
False
Suppose 4*k - 15 = -3. Suppose w + k = -3*r, 2*w + 3 = -r + w. Suppose -2800 = -4*m - 4*g, -2*m + 2*g = -r*g - 1388. Is m composite?
True
Suppose -5*d + 5*p - 55 = 95, 0 = -4*d + p - 120. Let q be (-15)/d + (-7)/(-2). Suppose q*w - 226 - 310 = 0. Is w composite?
True
Let v(i) = i**3 + 27*i**2 - 30*i - 45. Let r be v(-28). Suppose -r*k = -0*k - 9361. Is k prime?
False
Let f(r) = -4*r + 54. Suppose d - 4*y + 6 - 22 = 0, 15 = d - 3*y. Let i be f(d). Suppose 0 = 8*q - i*q - 4358. Is q composite?
False
Suppose 7*x + 6 - 13 = 0. Is x/(11375/1895 + -6) composite?
False
Let k = 92437 + -32724. Is k a composite number?
True
Let z(p) be the third derivative of p**5/60 - 13*p**4/24 - 41*p**3/3 - 57*p**2. Is z(-16) prime?
False
Suppose 0*v + 130 = 10*v. Suppose -4*p = -v*p - 819. Let w = 593 + p. Is w a composite number?
True
Let j be 0*2/(-4) + 1759. Suppose 170*u + 10*u = 2*u. Suppose -1988 + 223 = -s + 4*w, u = -s + w + j. Is s composite?
True
Is (1 - 335992/(-9)) + (-3)/((-81)/(-12)) a prime number?
False
Suppose -226514 = 14*o - 20774 - 1008794. Is o prime?
False
Let g = 81073 + -50142. Suppose 5*o - 4*q - 17996 = 33553, -3*o + g = -2*q. Is o composite?
False
Suppose 0 = 10*j - 0 - 0. Suppose 18*f - 29*f + 30767 = j. Is f composite?
False
Let u(a) = a**3 - 4*a**2 + 4*a. Let w be u(4). Let n be w/12*3 - -665. Suppose x = 4*x - n. Is x prime?
True
Suppose -2*q - 21 = 159. Let f(r) = -40*r - 19. Let z be f(-6). Let m = z + q. Is m a prime number?
True
Let i(j) = -139*j**2 - 22*j + 2. Let x be i(-10). Is (-7 - x/(-7))/(-2 + 1) composite?
True
Suppose -4614902 - 3868460 = -51*q + 2346641. Is q prime?
True
Let k = -67 + -952. Let z(c) = 3334*c + 2. Let x be z(-2). Let g = k - x. Is g prime?
True
Suppose 89*y - 12*y = 83051353. Is y composite?
False
Let d(t) = 11*t - 67. Let o be d(6). Let x = o + 4. Suppose 2513 = m + x*p - 5*p, 5*p = -5*m + 12490. Is m prime?
True
Is (42/(-5))/((-18)/33780) - -2 prime?
False
Let g = -22933 - -39514. Is g prime?
False
Suppose -13397 = -g + 2*p, -8*p - 53588 = -4*g - 6*p. Suppose 12 = 4*c, g = 4*k + c + 2*c. Is k composite?
False
Suppose 5*t = h + 4*t - 7, 3*h - 5*t = 29. Suppose f - 602 = z, 7*z = -5*f + h*z + 2965. Let r = -376 + f. Is r a composite number?
True
Let h = -51 - -55. Suppose 2 = -f + h. Suppose -r = -4*z - 823, f*r - 4*z - 1694 = -8*z. Is r a composite number?
False
Let l(x) = 249*x - 11. Suppose 0 = 2*p + 2*y, 5*p + 0*p - 6 = -3*y. Suppose 2*c = 1 + p. Is l(c) prime?
True
Let y = 245 + -245. Suppose 5*u + y*u = -10, -4311 = -v - u. Is v a prime number?
False
Suppose -9*r + 64 = -r. Let z be r/10*10570/4. Let w = z - 703. Is w a composite number?
True
Let j be 2 + ((-1 + -3)*1 - -2). Suppose -4*k - k - 3*q + 18686 = j, 2*k - 7469 = -3*q. Is k composite?
False
Let s(u) = 239*u + 57637. Is s(0) prime?
True
Suppose 0 = 4*j - 45 - 43. Let s = j + -20. Suppose 6*b - 1772 = s*b. Is b a prime number?
True
Suppose -5*v + 23*v - 139086 = 0. Suppose 5*k + 4*s = v, 2*s - 4*s = -4*k + 6166. Is k composite?
False
Let b(a) = 2*a**2 + 20*a - 3. Let t(k) = -2*k**2 - 19*k + 3. Let d(u) = 3*b(u) + 2*t(u). Let c be d(-17). Suppose -5*p + c + 329 = 0. Is p composite?
True
Let q = -1 + 3. Let i be (-18)/(-27) - ((-4772)/6 + q). Is (-3 + 2)/((-2)/i) a composite number?
False
Let u = 1439634 + -631423. Is u a composite number?
False
Let u be 48/(-16)*4/(-3). Suppose -u*h + 11*h - 154 = 0. Suppose h*p - 26*p + 7916 = 0. Is p a prime number?
True
Let y(b) = -3*b - 1. Let j be y(-2). Suppose 0 = t - 5*t + 2*h + 13094, -4*t = -5*h - 13079. Suppose 1313 = -3*d + 5*d + 3*k, j*d + k = t. Is d composite?
True
Is (-701)/((-12)/(-2488)*(-52)/78) a prime number?
False
Let i(k) = -k**3 + 62*k**2 - 8*k + 84. Is i(45) prime?
False
Let h = 3345969 + -2383190. Is h composite?
False
Suppose -312256 = -204*l + 200*l - 5*d, 2*l = -4*d + 156134. Is l a prime number?
True
Suppose 34*n = 48*n - 221102. Is n a prime number?
False
Suppose 10 = -o - 10. Let a(w) = 48*w - 247*w - 3*w - 51 + 20. Is a(o) prime?
False
Let x = 2302 + -1156. Let n = x - -689. Is n prime?
False
Let m(w) = 133*w**3 - w**2 + w - 1. Let y be m(1). Suppose y = 2*c + 138. Is 859/c*(7 + -8)*3 a prime number?
True
Let l be 5176 - -4*(-28)/(-16). Let q = l - 3660. Is q a prime number?
True
Let p = 